3. Let c(v) = v**3 + v**2 + v + 1. What is c(o)?
-5
Let c(k) = -k**2 + k - 5. Let t(b) = 2*b**2 + 2*b**3 - 6*b - 3 + 2*b - b**3. Let r be t(-3). Let l be r/(0 - (-2)/(-1)). What is c(l)?
-5
Let t(d) be the third derivative of -d**6/24 - d**5/60 - d**3/6 - 3*d**2 - 48*d. What is t(-1)?
3
Let t(a) = 2*a**2 - 9*a**2 - 2*a**2 + 1 + 2*a**2. Suppose -g - g + 42 = 3*b, -3*g = -3*b - 48. Let m = 17 - g. Give t(m).
-6
Suppose -33*o = -21*o. Suppose 7*b - 28 = 3*b. Let w(y) = y**2 - b - 2 + 2. Give w(o).
-7
Let s(i) = -i + 16. Suppose -3*d + g = 1 - 56, -5*d - g + 81 = 0. What is s(d)?
-1
Let a(i) = -i + 4. Suppose 5*n + 12 - 27 = 0. Suppose 4*z - 5*s = 25, -n*s = -s + 2. Calculate a(z).
-1
Suppose -75*n = -69*n - 6. Let c(o) = 15*o**3 - o. Determine c(n).
14
Suppose 0*x + 2*x + v + 2 = 0, 3*x - 4*v + 25 = 0. Let r(g) = g**3 + g**2 + 4. Let s(a) = -5*a**3 - 4*a**2 - 21. Let j(o) = 11*r(o) + 2*s(o). Calculate j(x).
2
Let w(g) = -g**3 - 11*g**2 + g + 15. Let v = 559 - 570. Give w(v).
4
Let y(c) = 0 + 3 - c + c + 3*c. Suppose -a = -2*s - 8, 3*s + 8 + 2 = a. Give y(s).
-3
Let z(m) be the third derivative of 19*m**5/30 - m**4/12 + m**3/6 - 2*m**2 - 226*m. What is z(1)?
37
Let a be (-2)/(-6) + (3080/(-42))/(-11). Let d(j) = -j**2 + 13*j + 10. Let u(z) = -2*z**2 + 27*z + 21. Let t(g) = -13*d(g) + 6*u(g). Give t(a).
-4
Suppose -13*g + 7*g + 72 = 0. Let k = 7 - g. Let t(x) = x. Give t(k).
-5
Suppose -8*n - n + 27 = 0. Let x(q) be the second derivative of -1/6*q**4 - 1/2*q**n - 11*q + 3/2*q**2 + 0. Determine x(-3).
-6
Let w(j) = 2*j. Suppose -2*t + 6 = -i + 2, 0 = t - 3*i + 8. Suppose -t*f = 19 + 5. Let u = f + 8. Determine w(u).
4
Let x(b) = b. Let k(p) = 3*p - 9. Let i(d) = -1 - d**3 + 7*d**2 + 7 - 2 - 6*d. Let m be i(6). Let q(t) = m*x(t) - k(t). What is q(0)?
9
Let d = 46 - 50. Let l be (20 + -21)/(2/d). Let x(m) = -m**3 + 2*m + 1. Determine x(l).
-3
Let y = 967 + -959. Let c(z) = z**2 - 8*z - 4. What is c(y)?
-4
Let h(p) = -p**3 - 5*p**2 + 2*p + 7. Suppose -8*c = -36 - 12. Let k be (2 + (-76)/8)*4/c. What is h(k)?
-3
Let x(d) = -1. Let i(s) = 4*s**2 + 4*s. Let l(g) = i(g) - 2*x(g). Determine l(-2).
10
Let n(k) = 2*k - 5. Let j be n(7). Suppose -2 = p - 6. Suppose -7*z = -p*z + j. Let y(o) = -o**3 - 4*o**2 - o - 2. Determine y(z).
-8
Let n(i) = i**2 + 9*i + 1. Suppose 3*f - 3 - 6 = 0. Suppose f*t = -16 - 2. Give n(t).
-17
Suppose i - 340 = 2*s, -2*s = 3*i - 6*s - 1012. Let o(p) = -2*p**2 - 338*p + 3*p**2 + i*p. Determine o(5).
-5
Let y be -3 - (-2 + 1/1). Let o = 1 - y. Let s(t) = 0*t - 10*t**o + 0*t + 3*t**3 - t**2. Determine s(1).
-8
Suppose -3*c = 2*c + 4*y - 55, -2*y = -3*c + 11. Let u(g) = -7*g + 424*g**2 - 423*g**2 + 2 - g. Calculate u(c).
-5
Let p(n) = n - 11. Suppose -16 = -d + 5*l, -20*l = -d - 16*l + 11. Determine p(d).
-20
Suppose -6 - 6 = 2*t. Let w(b) be the third derivative of b**4/24 + 3*b**3/2 + 7*b**2 - 136. What is w(t)?
3
Let u(g) be the first derivative of -1/3*g**3 - 12 + 0*g**2 + 3*g. Determine u(0).
3
Let w(y) = -y**3 - 9*y**2 + 11*y + 9. Let j be w(-10). Let m(t) = 13*t - 1. What is m(j)?
-14
Let i(s) be the third derivative of s**6/120 - s**5/12 + s**4/3 - 13*s**3/6 - 150*s**2 + 2. What is i(3)?
-7
Let b(i) = i**2 - 9*i + 5. Let p be b(7). Let n = p + 5. Let t(u) = -u**2 - u + 5. Calculate t(n).
-7
Let a(n) = -n. Let l = 19 - 19. Suppose 3*x + 12 = -4*h, 5*h + x + 4 = -l*h. Suppose h + 4 = y. What is a(y)?
-4
Let a(y) = 2*y**3 + y**2 - 2*y. Let x be 3/(1 + 0 - 40/16). What is a(x)?
-8
Let x(d) be the third derivative of 0*d - 16*d**2 + 1/12*d**4 + 5/6*d**3 + 0. What is x(-7)?
-9
Let t(w) = 105*w**2 - 6*w - 3. Let q(i) = -66*i**2 + 4*i + 2. Let a(b) = 8*q(b) + 5*t(b). What is a(-1)?
-4
Let s(p) be the first derivative of 15 - 1/3*p**3 + p - p**2. Calculate s(2).
-7
Let q(h) = -h**2 - 3*h - 1. Let x(f) = -f**2 - 3*f - 2. Let d be x(-3). What is q(d)?
1
Let j(u) = 3*u + 3*u + 7 - 5 - 3. Suppose 28 = 4*d - d + 5*r, -15 = -3*r. Calculate j(d).
5
Suppose 11*n - 27 = 6. Let r be -1*1/n*9. Let z(i) = 2*i**2 + 3*i + 3. Calculate z(r).
12
Let r(q) = -q**3 - 2*q**2 + 4*q. Suppose -12*j - 540 = -18*j. Let c = j + -93. Calculate r(c).
-3
Let l(r) = -r - 7. Suppose 0 = 3*g - 3*k - 6, 3*k = -2*g - 2*k + 32. Suppose -2*q = -3*f + f + g, -2*f = 6. Determine l(q).
-1
Suppose -m + r + 17 = -4*r, 2*m = 5*r + 19. Let g(l) = l**3 - 1 - 4*l**3 + 10*l**m - 13*l**2 + 2*l**3. Calculate g(-4).
15
Let l(s) = 5*s**2 - 2*s. Suppose -3*v + 7*v + 20 = 0. Let h be -1 - v/((-15)/(-9)). Determine l(h).
16
Let c(u) = u. Let m = 12 - 10. Let h(y) = y**2 - 2*y. Let l be h(m). What is c(l)?
0
Let u(w) = -3*w**2. Let n(z) be the first derivative of z**3/3 + z**2 - 5*z - 5. Let g be n(-3). Let h be (-6)/4 - (-1)/g. Give u(h).
-12
Let k(f) = 3*f + 5*f + 8 - 19*f + 10*f. What is k(6)?
2
Let j(r) = r**2 + 2*r + 2. Let z be j(-4). Suppose -11*y + z = -6*y. Let q(o) = o**2 - 3*o**2 - 2*o**3 - o**2 + 2*o + 2*o**2. Determine q(y).
-16
Suppose 8*a - 3*a + 4*o - 30 = 0, -3*o = -2*a - 11. Let l(n) = n - a*n + n**2 - n - 2*n**2. Let c(m) = -m**2 - 5*m - 1. Let u be c(-5). Calculate l(u).
1
Let g(q) be the third derivative of -q**7/5040 - q**6/90 + 11*q**5/60 - 7*q**2. Let w(p) be the third derivative of g(p). Determine w(-7).
-1
Let a(o) be the first derivative of 11*o**4/4 - 2*o**3/3 + o + 2. Let b = 240 + -241. What is a(b)?
-12
Let w(q) be the second derivative of q**3/6 - q**2/2 + q. Let o = -32 + 20. Let b be (9/(-3))/(9/o). Give w(b).
3
Suppose 14 + 42 = -28*v. Let s(x) = 4*x**2 + 3*x. Determine s(v).
10
Let h(w) be the third derivative of w**6/120 - w**5/20 - w**4/6 + 1067*w**2. Suppose 2*y = 4*y - 6. Give h(y).
-12
Let i be (24/(-60))/(-2*1/10). Let j(q) = 2 + 47*q - q**i - 39*q - 7. Calculate j(6).
7
Let w(n) = 3*n - 11. Let t be w(4). Let f(y) = 2*y + 5. Let j(v) = -5*v - 14. Let i(m) = -11*f(m) - 4*j(m). Give i(t).
-1
Let b(r) = -26*r - 304. Let v be b(-12). Let l(i) = i**2 - 11*i + 10. Determine l(v).
-14
Let x = 66 - 58. Let u(f) = 4*f - x*f + 5*f. Give u(-4).
-4
Suppose -2*l = -1 - 9. Let t(z) = 15*z**2 - 15*z - 1. Let o(b) = 7*b**2 - 7*b - 1. Let q(w) = -13*o(w) + 6*t(w). Give q(l).
-13
Let f(b) = 0*b - 3*b - 5*b - 3*b**2 + 2*b**2. Let a be 17/(-34)*(14 - (1 + -1)). Determine f(a).
7
Let y(i) be the first derivative of -i**3/3 - 17*i**2/2 - 8*i + 236. Give y(-15).
22
Let h be 3*1*(-15)/9. Let n(z) be the second derivative of -z**4/12 - z**3 + 7*z**2/2 - 35*z - 26. Calculate n(h).
12
Let l(f) = -2*f - 12. Let x be (-4 - (-6 + 100/35))*7. Give l(x).
0
Let d = 19 - 15. Suppose -3*k = -3*p - 0*k - 9, 5*p + 11 = d*k. Let c(v) = p + 5*v - v + 2*v**2 - 6*v. What is c(1)?
1
Let n(y) = y + 1. Let q(t) = t + 2. Let l(u) = -5*n(u) + 6*q(u). Let k(o) = -4*o - 20. Let p(h) = -4*k(h) - 11*l(h). Determine p(-2).
-7
Let i be 6/12 + 7/2. Let b(a) = -6*a + i*a + a - 5 + a**2. Determine b(-4).
15
Suppose 3*u + 2*u + u = 0. Let t(o) be the third derivative of -o**5/60 + o**4/24 + o**3/2 - 41*o**2. What is t(u)?
3
Let g(b) be the second derivative of -b**4/12 - b**3 - 3*b**2/2 + 5*b + 3. Give g(-3).
6
Let m(p) = -p**2 + 5*p - 6. Let u be m(4). Let n be ((-4)/(-4))/(u/4). Let b(v) = -v - 1. Let o(w) = w + 13. Let q(c) = n*b(c) - o(c). Determine q(5).
-6
Suppose v = -4*v - 30. Let h = -10 + 13. Let t(n) = -5 - h - 3*n + 0*n**2 - 6*n - n**2. What is t(v)?
10
Let n(i) = 4*i - 5. Let u be n(12). Let f(b) = -3*b - 46 + 0*b**3 + b**2 + 3*b**3 + u. What is f(-2)?
-17
Let u(z) = z**2 - 2*z - 2. Let v = 1 + 3. Suppose 3*l = -5*n - 2, 0*l + 2*l + v = -2*n. Give u(l).
22
Let f(u) = u**3 + 2*u**2 + u + 1. Let q(m) = m**3 - 7*m**2 - 11*m + 26. Let a be q(8). Give f(a).
19
Suppose 5*a + 7 = 17. Let y = -1 + 4. Let h(q) = 6 + 4*q**2 - 5 - y*q**3 - 3*q + q**3. Calculate h(a).
-5
Suppose -2*b - 4*n - 7 = -23, -4*b - 3*n = -22. Let v(u) = u**3 - 3*u**2 - 3*u - 2. What is v(b)?
2
Let j(n) be the first derivative of n**3/3 - 3*n**2 + 5*n - 60. Determine j(5).
0
Let k(j) = -6*j - 17523*j**2 + 17520*j**2 + j**3 + 0*j**3 + 6. Calculate k(4).
-2
Suppose 0 = 3*v - 2*v - 8. Suppose 4*o + 16 = v*o. Let g(j) = -j - 2. Determine g(o).
-6
Let f(n) = -18*n - 529. Let v be f(-29). Let u(i) = -i**2 - 14*i - 17. Calculate u(v).
32
Let j(x) = -4 + 5*x + 2 + 7 - 4*x. Determine j(-11).
-6
Let o(u) = u**3 + 13*u**2 + 11*u - 